6).
-84
Let j(r) = r**3 - 13*r**2 + 11*r + 5. Calculate j(12).
-7
Let k(h) = 2*h**2 - 2*h - 10. What is k(3)?
2
Let n(j) = 6*j - 122. Give n(0).
-122
Let u(l) = l**3 - 31*l**2 - 25*l - 221. Determine u(32).
3
Let r(s) = -6*s - 2. Determine r(-3).
16
Let j(n) = 2*n**2 + 3*n - 20. What is j(-6)?
34
Let x(l) = l**3 - l**2 - 2*l - 22. Give x(0).
-22
Let x(p) = 21*p + 120. What is x(-6)?
-6
Let k(v) = -3*v**3 - 11*v**2 - 6*v - 5. What is k(-3)?
-5
Let j(s) = s**3 + 10*s**2 - 5*s - 13. Give j(-11).
-79
Let d(c) = 8*c - 7. Calculate d(3).
17
Let v(f) = f**3 + 13*f**2 + 39*f - 17. Give v(-7).
4
Let a(m) = -m**3 + 5*m**2 - 5*m + 11. Give a(5).
-14
Let b(l) = 6*l**2 - l + 3. Determine b(3).
54
Let i(r) = 22*r + 163. Give i(-7).
9
Let l(g) = g**3 - 3*g**2 - 21*g + 14. Determine l(6).
-4
Let t(i) = i**3 - i**2 + i. Determine t(1).
1
Let o(c) = -2*c**3 + 4*c**2 + c - 1. What is o(3)?
-16
Let b(q) = q**3 + 10*q**2 + 14*q - 12. Calculate b(-8).
4
Let u(z) = -z**2 + 10*z + 6. What is u(10)?
6
Let a(q) = q**3 - q**2 - 207*q + 35. What is a(-14)?
-7
Let v(w) = -44*w + 194. What is v(4)?
18
Let j(b) = -2*b**3 + 2*b**2 - 48. What is j(0)?
-48
Let y(r) = 8*r - 14. Determine y(12).
82
Let r(x) = -x**3 - 9*x**2 - 15*x + 12. Determine r(-7).
19
Let b(k) = -k**3 + 8*k**2 - 21*k + 11. Calculate b(4).
-9
Let y(t) = -t - 2. What is y(-9)?
7
Let v(j) = j**2 + 15*j - 26. Calculate v(-18).
28
Let a(k) = 13*k + 5. Determine a(6).
83
Let q(u) = 9*u - 2. Calculate q(2).
16
Let s(c) = -2*c**2 - 16*c + 20. Calculate s(-9).
2
Let q(n) = -5*n - 2. Give q(-1).
3
Let l(w) = -9*w - 1. Give l(-1).
8
Let c(t) = t**2 - 5*t - 7. Calculate c(6).
-1
Let t(r) = r**3 - 9*r**2 - 2. Calculate t(9).
-2
Let c(o) = o**3 - 6*o**2 - 44*o + 39. Determine c(10).
-1
Let c(b) = -b**3 + 13*b**2 - 12*b - 22. Determine c(12).
-22
Let t(v) = -2*v**3 - v**2 - 2*v - 1. Calculate t(3).
-70
Let l(r) = -r**3 - r**2 + 3*r - 2. Calculate l(0).
-2
Let q(n) = -n**2 + 4*n + 9. Give q(9).
-36
Let b(q) = q + 19. Give b(10).
29
Let d(v) = -17*v. What is d(1)?
-17
Let b(t) = -2*t**2 + 22*t - 4. Determine b(11).
-4
Let s(z) = 2*z**2 - 19*z + 19. Give s(8).
-5
Let u(w) = -w**3 - 9*w**2 - 16*w - 5. Give u(-6).
-17
Let s(n) = -n + 25. What is s(25)?
0
Let v(h) = -h**3 - 20*h**2 + 2*h + 27. Calculate v(-20).
-13
Let c(m) = 2*m + 22. Give c(-7).
8
Let g(d) = d**3 - d**2 + 3*d + 9. Calculate g(0).
9
Let q(o) = -o**2 - 7*o + 25. Give q(-12).
-35
Let c(o) = o**2 + 10*o + 5. What is c(-10)?
5
Let d(r) = -14*r**2 + 5*r - 12. Determine d(2).
-58
Let i(u) = -u + 11. Give i(7).
4
Let x(v) = v**2 - 17*v - 2. Determine x(17).
-2
Let g(w) = 4*w + 20. Give g(0).
20
Let b(d) = -d**3 + 8*d**2 + 4*d - 22. Give b(8).
10
Let w(n) = 61*n + 126. Calculate w(-2).
4
Let s(z) = -3*z - 6. Calculate s(-3).
3
Let u(m) = m**2 + 10*m + 13. Determine u(-9).
4
Let m(w) = w**3 + 3*w**2 + 5*w + 5. Give m(-4).
-31
Let u(o) = o**2 - 11*o - 14. Determine u(11).
-14
Let p(l) = -l**2 - 8*l + 5. Determine p(-6).
17
Let z(h) = -21*h**2 - 12*h + 13. What is z(1)?
-20
Let f(r) = r**3 - r**2 - r + 22. What is f(0)?
22
Let a(o) = -3*o - 25. Calculate a(-13).
14
Let m(k) = -k**3 - 7*k**2 - 7*k + 11. What is m(-6)?
17
Let u(c) = 9*c + 3. Determine u(5).
48
Let q(x) = 306*x + 302. Give q(-1).
-4
Let d(h) = -h**3 - 14*h**2 + 8*h - 33. Calculate d(-15).
72
Let g(f) = -f**2 - f + 34. Give g(0).
34
Let f(b) = -b**2 + 2. Determine f(-2).
-2
Let k(g) = -6*g**2 - 3*g - 2. Calculate k(2).
-32
Let x(o) = o**3 + 9*o**2 + 4*o + 50. Calculate x(-9).
14
Let m(b) = b**2 + 7*b - 13. Determine m(-11).
31
Let f(h) = h. Determine f(8).
8
Let o(g) = -5*g - 47. Determine o(-23).
68
Let k(c) = c**3 - 7*c**2 + 3*c - 23. Calculate k(7).
-2
Let b(a) = a - 1. Determine b(3).
2
Let f(c) = -c**2 + 5*c - 12. Determine f(9).
-48
Let b(g) = -g**3 + 24*g**2 - 22*g - 6. Give b(23).
17
Let p(c) = c**2 + 2*c + 5. Determine p(-4).
13
Let p(r) = -5*r + 4. What is p(-3)?
19
Let f(y) = 11*y - 39. What is f(8)?
49
Let r(c) = -9*c - 2. Calculate r(1).
-11
Let p(g) = 2*g + 1. Calculate p(0).
1
Let o(r) = -r**3 + 4*r**2 + 5*r - 5. Give o(5).
-5
Let j(x) = -6*x - 3. Calculate j(3).
-21
Let y(m) = 82*m + 403. Give y(-5).
-7
Let f(k) = 3*k + 50. What is f(-19)?
-7
Let p(m) = m**2 + 9*m - 5. Give p(-10).
5
Let t(b) = b**3 - 7*b**2 + 3*b - 3. Determine t(7).
18
Let h(l) = -4*l**2 - l. What is h(-1)?
-3
Let c(q) = 6*q + 7. Calculate c(-2).
-5
Let q(z) = 52*z + 208. Calculate q(-4).
0
Let o(c) = -c**3 - 6*c**2 - 9*c - 31. What is o(-6)?
23
Let m(o) = 4*o**2 - 6*o - 7. Determine m(5).
63
Let h(i) = 2*i + 44. Determine h(-22).
0
Let i(o) = o**2 + 5*o + 2. Give i(-3).
-4
Let s(z) = -7*z - 17. Give s(-1).
-10
Let q(h) = -16*h - 1. Give q(1).
-17
Let d(t) = 2*t**2 - 1. What is d(-3)?
17
Let h(i) = -i**2 + 5*i + 1. Calculate h(-1).
-5
Let s(k) = -k**2 - 13*k + 24. Give s(-14).
10
Let v(m) = -m**3 + 2*m**2 + 11*m - 8. Give v(4).
4
Let b(k) = 2*k - 6. Give b(7).
8
Let w(r) = -34*r - 57. What is w(-2)?
11
Let v(a) = -a**3 + 4*a**2 - 2*a. What is v(3)?
3
Let u(a) = -7*a - 200. Give u(-29).
3
Let p(y) = 2*y**2 + 62*y + 62. Give p(-30).
2
Let j(o) = -o**2 - 2*o - 15. Determine j(-5).
-30
Let n(a) = a**3 + 6*a**2 - 7*a + 13. Give n(-8).
-59
Let k(g) = -g**2 + g + 4. Give k(2).
2
Let y(x) = -x**3 + 11*x**2 - 24*x - 7. What is y(4)?
9
Let u(q) = -q**2 + 11*q - 22. Give u(9).
-4
Let h(s) = s**3 + 20*s**2 - 3*s + 380. Give h(-21).
2
Let m(w) = 2*w**2 - 7*w + 3. Determine m(5).
18
Let m(x) = -13*x**3 + 3*x**2 - 5*x + 3. What is m(1)?
-12
Let o(w) = w**3 + 9*w**2 + 7*w + 14. Determine o(-9).
-49
Let n(r) = -r**2 - 2*r + 6. What is n(-4)?
-2
Let d(n) = -55*n**3 - 3*n**2 + n + 3. Determine d(-1).
54
Let i(s) = -13*s**3 + s. What is i(-1)?
12
Let p(k) = -k**2 + 2*k + 5. Calculate p(5).
-10
Let b(h) = -h**2 - 6*h + 5. Calculate b(-9).
-22
Let u(q) = q**3 - 11*q**2 + 12*q - 15. Determine u(10).
5
Let v(m) = m**3 + 6*m**2 - 14*m + 21. Calculate v(-8).
5
Let h(w) = -w**2 - 10*w - 8. Give h(-11).
-19
Let p(s) = -s**2 - 7*s + 6. Calculate p(-10).
-24
Let s(d) = -d**2 - 3*d + 4. Give s(-3).
4
Let f(p) = -2*p + 8. Determine f(10).
-12
Let g(w) = w**2 + 4*w + 3. Determine g(-3).
0
Let h(b) = -5*b**2 - 41*b + 6. Determine h(-8).
14
Let n(z) = -z**3 - 10*z**2 + 24*z - 4. Determine n(-12).
-4
Let k(j) = 9*j - 6. What is k(4)?
30
Let a(u) = -u**2 + 21*u + 22. Calculate a(22).
0
Let d(r) = 47*r + 277. Determine d(-6).
-5
Let o(z) = z**3 + 14*z**2 - 14*z + 15. Calculate o(-15).
0
Let v(r) = 2*r**2 + 13*r + 45. Determine v(-4).
25
Let r(p) = p**3 + 6*p**2 + 11*p + 5. Determine r(-3).
-1
Let w(j) = -j**3 + 25*j**2 - 23*j - 2. Calculate w(24).
22
Let g(u) = -u - 4. What is g(0)?
-4
Let b(p) = -2*p - 5. What is b(-5)?
5
Let f(m) = -m**3 + m + 1. What is f(4)?
-59
Let q(f) = -f**3 + 4*f**2 + 5*f - 8. Give q(5).
-8
Let m(v) = -2*v**2 - 1. What is m(-4)?
-33
Let k(q) = -q**3 + 17*q**2 - 59*q + 13. Determine k(12).
25
Let a(u) = -u + 20. Determine a(10).
10
Let h(a) = a**2 - 4*a + 4. Calculate h(6).
16
Let u(t) = -6*t + 194. Give u(31).
8
Let j(r) = r**2 + 8*r + 7. Calculate j(-6).
-5
Let m(w) = -8*w**2 + 4*w + 11. Give m(-3).
-73
Let p(w) = w**3 + 4*w**2 - w - 6. Determine p(-4).
-2
Let b(r) = 23*r**3 + r**2 - 3*r + 5. Calculate b(2).
187
Let l(d) = -2*d**3 + 2*d**2 + 12*d - 21. Give l(2).
-5
Let y(h) = h - 13. Determine y(16).
3
Let b(a) = -a**2 + 5*a + 2. Calculate b(4).
6
Let j(r) = r**2 - 13. Determine j(-4).
3
Let f(n) = n**2 + n + 5. Give f(4).
25
Let s(c) = c**2 + 2*c - 15. Give s(-7).
20
Let u(o) = 8*o - 13. Give u(5).
27
Let b(x) = x**2 - 3*x - 5. Calculate b(4).
-1
Let k(i) = -19*i**3 + 2*i**2 - 2*i - 3. What is k(-1)?
20
Let b(p) = p**3 + 8*p**2 + 17*p + 5. Determine b(-5).
-5
Let h(r) = 5*r + 2. Give h(6).
32
Let q(c) = c**3 - 10*c**2 + 4*c - 42. What is q(10)?
-2
Let m(x) = -x + 25. What is m(10)?
15
Let w(n) = n**2 - 6*n - 8. What is w(5)?
-13
Let v(g) = 3*g**3 + 34*g**2 + 3*g - 95. Determine v(-11).
-7
Let y(m) = -10*m + 151. Determine y(15).
1
Let k(b) = b**3 + 2*b**2 - 11*b - 26. Determine k(-4).
-14
Let b(y) = -y**3 + 4*y**2 + 2*y - 3. What is b(4)?
5
Let r(u) = -9*u - 3. What is r(-1)?
6
Let x(q) = 3*q**2 - 26*q + 1. Calculate x(10).
41
Let j(n) = 3*n**2 + 18*n + 24. Calculate j(-4).
0
Let c(i) = -8*i**2 - 7*i - 5. What is c(-1)?
-6
Let 